{"id":245,"date":"2024-05-23T20:38:29","date_gmt":"2024-05-23T18:38:29","guid":{"rendered":"https:\/\/demos.manuelpj.es\/tienda\/?page_id=245"},"modified":"2024-05-25T19:00:28","modified_gmt":"2024-05-25T17:00:28","slug":"nosotros","status":"publish","type":"page","link":"https:\/\/demos.manuelpj.es\/tienda\/nosotros\/","title":{"rendered":"Nosotros"},"content":{"rendered":"\n<div class=\"wp-block-stackable-spacer stk-block-spacer stk--no-padding stk-block stk-fd15b03\" data-block-id=\"fd15b03\"><style>.stk-fd15b03{height:50px !important}<\/style><\/div>\n\n\n\n<div class=\"wp-block-stackable-heading alignfull stk-block-heading stk-block-heading--v2 stk-block stk-971db6d\" id=\"que-es-olivam\" data-block-id=\"971db6d\"><style>.stk-971db6d{margin-bottom:30px !important}<\/style><h1 class=\"stk-block-heading__text has-text-align-center\">\u00bfQu\u00e9 es Olivam?<\/h1><\/div>\n\n\n\n<details class=\"wp-block-stackable-accordion stk-block-accordion stk-inner-blocks stk-block-content stk-block stk-8e640f0 is-style-plain\" data-block-id=\"8e640f0\"><style>.stk-8e640f0{border-style:solid !important;border-color:#dfdad1 !important;border-top-width:0px !important;border-right-width:0px !important;border-bottom-width:1px !important;border-left-width:0px !important;padding-bottom:24px !important;margin-bottom:25px !important}<\/style>\n<summary class=\"wp-block-stackable-column stk-block-column stk-column stk-block stk-44ba87e stk--container-small stk-block-accordion__heading\" data-v=\"4\" data-block-id=\"44ba87e\"><div class=\"stk-column-wrapper stk-block-column__content stk-container stk-44ba87e-container stk--no-background stk--no-padding\"><div class=\"stk-block-content stk-inner-blocks stk-44ba87e-inner-blocks\">\n<div class=\"wp-block-stackable-icon-label stk-block-icon-label stk-block stk-a97dd80\" data-block-id=\"a97dd80\"><div class=\"stk-row stk-inner-blocks stk-block-content\">\n<div class=\"wp-block-stackable-heading alignfull stk-block-heading stk-block-heading--v2 stk-block stk-a624136\" id=\"sobre-nosotros\" data-block-id=\"a624136\"><h2 class=\"stk-block-heading__text has-text-align-left\">Sobre Nosotros<\/h2><\/div>\n\n\n\n<div class=\"wp-block-stackable-icon stk-block-icon stk-block stk-6ca1695\" data-block-id=\"6ca1695\"><span class=\"stk--svg-wrapper\"><div class=\"stk--inner-svg\"><svg style=\"height:0;width:0\"><defs><linearGradient id=\"linear-gradient-6ca1695\" x1=\"0\" x2=\"100%\" y1=\"0\" y2=\"0\"><stop offset=\"0%\" style=\"stop-opacity:1;stop-color:var(--linear-gradient-6-ca-1695-color-1)\"><\/stop><stop offset=\"100%\" style=\"stop-opacity:1;stop-color:var(--linear-gradient-6-ca-1695-color-2)\"><\/stop><\/linearGradient><\/defs><\/svg><svg data-prefix=\"fas\" data-icon=\"chevron-down\" class=\"svg-inline--fa fa-chevron-down fa-w-14\" xmlns=\"http:\/\/www.w3.org\/2000\/svg\" viewBox=\"0 0 448 512\" aria-hidden=\"true\" width=\"32\" height=\"32\"><path fill=\"currentColor\" d=\"M207.029 381.476L12.686 187.132c-9.373-9.373-9.373-24.569 0-33.941l22.667-22.667c9.357-9.357 24.522-9.375 33.901-.04L224 284.505l154.745-154.021c9.379-9.335 24.544-9.317 33.901.04l22.667 22.667c9.373 9.373 9.373 24.569 0 33.941L240.971 381.476c-9.373 9.372-24.569 9.372-33.942 0z\"><\/path><\/svg><\/div><\/span><\/div>\n<\/div><\/div>\n<\/div><\/div><\/summary>\n\n\n\n<div class=\"wp-block-stackable-column stk-block-column stk-column stk-block stk-8474fd8 stk-block-accordion__content\" data-v=\"4\" data-block-id=\"8474fd8\"><style>.stk-8474fd8-container{padding-top:0px !important;padding-right:0px !important;padding-bottom:0px !important;padding-left:0px !important}<\/style><div class=\"stk-column-wrapper stk-block-column__content stk-container stk-8474fd8-container stk--no-background stk--no-padding\"><div class=\"stk-block-content stk-inner-blocks stk-8474fd8-inner-blocks\">\n<div class=\"wp-block-stackable-text stk-block-text stk-block stk-53a80b5 stk-block-background\" data-block-id=\"53a80b5\"><p class=\"stk-block-text__text\">En <strong>Olivam<\/strong>, nuestra pasi\u00f3n es ofrecerte el mejor aceite de oliva virgen extra. Nos dedicamos a producir y vender aceite de oliva de alta calidad, asegur\u00e1ndonos de que cada gota conserve su pureza, sabor y beneficios para la salud.<\/p><\/div>\n<\/div><\/div><\/div>\n<\/details>\n\n\n\n<details class=\"wp-block-stackable-accordion stk-block-accordion stk-inner-blocks stk-block-content stk-block stk-b1a46c1 is-style-plain\" data-block-id=\"b1a46c1\"><style>.stk-b1a46c1{border-style:solid !important;border-color:#dfdad1 !important;border-top-width:0px !important;border-right-width:0px !important;border-bottom-width:1px !important;border-left-width:0px !important;padding-bottom:24px !important;margin-bottom:25px !important}<\/style>\n<summary class=\"wp-block-stackable-column stk-block-column stk-column stk-block stk-21dc21a stk--container-small stk-block-accordion__heading\" data-v=\"4\" data-block-id=\"21dc21a\"><div class=\"stk-column-wrapper stk-block-column__content stk-container stk-21dc21a-container stk--no-background stk--no-padding\"><div class=\"stk-block-content stk-inner-blocks stk-21dc21a-inner-blocks\">\n<div class=\"wp-block-stackable-icon-label stk-block-icon-label stk-block stk-20533d8\" data-block-id=\"20533d8\"><div class=\"stk-row stk-inner-blocks stk-block-content\">\n<div class=\"wp-block-stackable-heading alignfull stk-block-heading stk-block-heading--v2 stk-block stk-daaf24a\" id=\"nuestra-historia\" data-block-id=\"daaf24a\"><h2 class=\"stk-block-heading__text has-text-align-left\">Nuestra Historia<\/h2><\/div>\n\n\n\n<div class=\"wp-block-stackable-icon stk-block-icon stk-block stk-2ebe52d\" data-block-id=\"2ebe52d\"><span class=\"stk--svg-wrapper\"><div class=\"stk--inner-svg\"><svg style=\"height:0;width:0\"><defs><linearGradient id=\"linear-gradient-2ebe52d\" x1=\"0\" x2=\"100%\" y1=\"0\" y2=\"0\"><stop offset=\"0%\" style=\"stop-opacity:1;stop-color:var(--linear-gradient-2-ebe-52-d-color-1)\"><\/stop><stop offset=\"100%\" style=\"stop-opacity:1;stop-color:var(--linear-gradient-2-ebe-52-d-color-2)\"><\/stop><\/linearGradient><\/defs><\/svg><svg data-prefix=\"fas\" data-icon=\"chevron-down\" class=\"svg-inline--fa fa-chevron-down fa-w-14\" xmlns=\"http:\/\/www.w3.org\/2000\/svg\" viewBox=\"0 0 448 512\" aria-hidden=\"true\" width=\"32\" height=\"32\"><path fill=\"currentColor\" d=\"M207.029 381.476L12.686 187.132c-9.373-9.373-9.373-24.569 0-33.941l22.667-22.667c9.357-9.357 24.522-9.375 33.901-.04L224 284.505l154.745-154.021c9.379-9.335 24.544-9.317 33.901.04l22.667 22.667c9.373 9.373 9.373 24.569 0 33.941L240.971 381.476c-9.373 9.372-24.569 9.372-33.942 0z\"><\/path><\/svg><\/div><\/span><\/div>\n<\/div><\/div>\n<\/div><\/div><\/summary>\n\n\n\n<div class=\"wp-block-stackable-column stk-block-column stk-column stk-block stk-5f03749 stk-block-accordion__content\" data-v=\"4\" data-block-id=\"5f03749\"><style>.stk-5f03749-container{padding-top:0px !important;padding-right:0px !important;padding-bottom:0px !important;padding-left:0px !important}<\/style><div class=\"stk-column-wrapper stk-block-column__content stk-container stk-5f03749-container stk--no-background stk--no-padding\"><div class=\"stk-block-content stk-inner-blocks stk-5f03749-inner-blocks\">\n<div class=\"wp-block-stackable-text stk-block-text stk-block stk-9cc0106 stk-block-background\" data-block-id=\"9cc0106\"><p class=\"stk-block-text__text\">Nuestra aventura comenz\u00f3 en 1998 en la hermosa regi\u00f3n de C\u00f3rdoba, conocida por sus olivos centenarios y su clima perfecto para el cultivo de aceitunas. Somos una empresa familiar que ha pasado el amor y el conocimiento de generaci\u00f3n en generaci\u00f3n, lo que nos ha permitido perfeccionar el arte de la producci\u00f3n de aceite de oliva.<\/p><\/div>\n<\/div><\/div><\/div>\n<\/details>\n\n\n\n<details class=\"wp-block-stackable-accordion stk-block-accordion stk-inner-blocks stk-block-content stk-block stk-e4d0a79 is-style-plain\" data-block-id=\"e4d0a79\"><style>.stk-e4d0a79{border-style:solid !important;border-color:#dfdad1 !important;border-top-width:0px !important;border-right-width:0px !important;border-bottom-width:1px !important;border-left-width:0px !important;padding-bottom:24px !important;margin-bottom:25px !important}<\/style>\n<summary class=\"wp-block-stackable-column stk-block-column stk-column stk-block stk-e084330 stk--container-small stk-block-accordion__heading\" data-v=\"4\" data-block-id=\"e084330\"><div class=\"stk-column-wrapper stk-block-column__content stk-container stk-e084330-container stk--no-background stk--no-padding\"><div class=\"stk-block-content stk-inner-blocks stk-e084330-inner-blocks\">\n<div class=\"wp-block-stackable-icon-label stk-block-icon-label stk-block stk-6b59bd5\" data-block-id=\"6b59bd5\"><div class=\"stk-row stk-inner-blocks stk-block-content\">\n<div class=\"wp-block-stackable-heading alignfull stk-block-heading stk-block-heading--v2 stk-block stk-fa384b3\" id=\"nuestro-proceso\" data-block-id=\"fa384b3\"><h2 class=\"stk-block-heading__text has-text-align-left\">Nuestro proceso<\/h2><\/div>\n\n\n\n<div class=\"wp-block-stackable-icon stk-block-icon stk-block stk-1ebd91f\" data-block-id=\"1ebd91f\"><span class=\"stk--svg-wrapper\"><div class=\"stk--inner-svg\"><svg style=\"height:0;width:0\"><defs><linearGradient id=\"linear-gradient-1ebd91f\" x1=\"0\" x2=\"100%\" y1=\"0\" y2=\"0\"><stop offset=\"0%\" style=\"stop-opacity:1;stop-color:var(--linear-gradient-1-ebd-91-f-color-1)\"><\/stop><stop offset=\"100%\" style=\"stop-opacity:1;stop-color:var(--linear-gradient-1-ebd-91-f-color-2)\"><\/stop><\/linearGradient><\/defs><\/svg><svg data-prefix=\"fas\" data-icon=\"chevron-down\" class=\"svg-inline--fa fa-chevron-down fa-w-14\" xmlns=\"http:\/\/www.w3.org\/2000\/svg\" viewBox=\"0 0 448 512\" aria-hidden=\"true\" width=\"32\" height=\"32\"><path fill=\"currentColor\" d=\"M207.029 381.476L12.686 187.132c-9.373-9.373-9.373-24.569 0-33.941l22.667-22.667c9.357-9.357 24.522-9.375 33.901-.04L224 284.505l154.745-154.021c9.379-9.335 24.544-9.317 33.901.04l22.667 22.667c9.373 9.373 9.373 24.569 0 33.941L240.971 381.476c-9.373 9.372-24.569 9.372-33.942 0z\"><\/path><\/svg><\/div><\/span><\/div>\n<\/div><\/div>\n<\/div><\/div><\/summary>\n\n\n\n<div class=\"wp-block-stackable-column stk-block-column stk-column stk-block stk-5e44043 stk-block-accordion__content\" data-v=\"4\" data-block-id=\"5e44043\"><style>.stk-5e44043-container{padding-top:0px !important;padding-right:0px !important;padding-bottom:0px !important;padding-left:0px !important}<\/style><div class=\"stk-column-wrapper stk-block-column__content stk-container stk-5e44043-container stk--no-background stk--no-padding\"><div class=\"stk-block-content stk-inner-blocks stk-5e44043-inner-blocks\">\n<div class=\"wp-block-stackable-text stk-block-text stk-block stk-f3ebd45 stk-block-background\" data-block-id=\"f3ebd45\"><p class=\"stk-block-text__text\">Cada botella de aceite de oliva que ofrecemos proviene de aceitunas cuidadosamente seleccionadas y recolectadas a mano. Utilizamos m\u00e9todos tradicionales combinados con tecnolog\u00eda moderna para garantizar que el proceso de extracci\u00f3n sea lo m\u00e1s natural y eficiente posible. Esto nos permite preservar todas las propiedades beneficiosas del aceite de oliva, incluyendo su sabor inigualable y su alto contenido de antioxidantes.<\/p><\/div>\n<\/div><\/div><\/div>\n<\/details>\n\n\n\n<details class=\"wp-block-stackable-accordion stk-block-accordion stk-inner-blocks stk-block-content stk-block stk-a05e05b is-style-plain\" data-block-id=\"a05e05b\"><style>.stk-a05e05b{border-style:solid !important;border-color:#dfdad1 !important;border-top-width:0px !important;border-right-width:0px !important;border-bottom-width:1px !important;border-left-width:0px !important;padding-bottom:24px !important;margin-bottom:25px !important}<\/style>\n<summary class=\"wp-block-stackable-column stk-block-column stk-column stk-block stk-11b9ab8 stk--container-small stk-block-accordion__heading\" data-v=\"4\" data-block-id=\"11b9ab8\"><div class=\"stk-column-wrapper stk-block-column__content stk-container stk-11b9ab8-container stk--no-background stk--no-padding\"><div class=\"stk-block-content stk-inner-blocks stk-11b9ab8-inner-blocks\">\n<div class=\"wp-block-stackable-icon-label stk-block-icon-label stk-block stk-8a8d622\" data-block-id=\"8a8d622\"><div class=\"stk-row stk-inner-blocks stk-block-content\">\n<div class=\"wp-block-stackable-heading alignfull stk-block-heading stk-block-heading--v2 stk-block stk-2818881\" id=\"calidad-y-sostenibilidad\" data-block-id=\"2818881\"><h2 class=\"stk-block-heading__text has-text-align-left\">Calidad y Sostenibilidad<\/h2><\/div>\n\n\n\n<div class=\"wp-block-stackable-icon stk-block-icon stk-block stk-8e60d5c\" data-block-id=\"8e60d5c\"><span class=\"stk--svg-wrapper\"><div class=\"stk--inner-svg\"><svg style=\"height:0;width:0\"><defs><linearGradient id=\"linear-gradient-8e60d5c\" x1=\"0\" x2=\"100%\" y1=\"0\" y2=\"0\"><stop offset=\"0%\" style=\"stop-opacity:1;stop-color:var(--linear-gradient-8-e-60-d-5-c-color-1)\"><\/stop><stop offset=\"100%\" style=\"stop-opacity:1;stop-color:var(--linear-gradient-8-e-60-d-5-c-color-2)\"><\/stop><\/linearGradient><\/defs><\/svg><svg data-prefix=\"fas\" data-icon=\"chevron-down\" class=\"svg-inline--fa fa-chevron-down fa-w-14\" xmlns=\"http:\/\/www.w3.org\/2000\/svg\" viewBox=\"0 0 448 512\" aria-hidden=\"true\" width=\"32\" height=\"32\"><path fill=\"currentColor\" d=\"M207.029 381.476L12.686 187.132c-9.373-9.373-9.373-24.569 0-33.941l22.667-22.667c9.357-9.357 24.522-9.375 33.901-.04L224 284.505l154.745-154.021c9.379-9.335 24.544-9.317 33.901.04l22.667 22.667c9.373 9.373 9.373 24.569 0 33.941L240.971 381.476c-9.373 9.372-24.569 9.372-33.942 0z\"><\/path><\/svg><\/div><\/span><\/div>\n<\/div><\/div>\n<\/div><\/div><\/summary>\n\n\n\n<div class=\"wp-block-stackable-column stk-block-column stk-column stk-block stk-6efaecd stk-block-accordion__content\" data-v=\"4\" data-block-id=\"6efaecd\"><style>.stk-6efaecd-container{padding-top:0px !important;padding-right:0px !important;padding-bottom:0px !important;padding-left:0px !important}<\/style><div class=\"stk-column-wrapper stk-block-column__content stk-container stk-6efaecd-container stk--no-background stk--no-padding\"><div class=\"stk-block-content stk-inner-blocks stk-6efaecd-inner-blocks\">\n<div class=\"wp-block-stackable-text stk-block-text stk-block stk-ac1a705 stk-block-background\" data-block-id=\"ac1a705\"><p class=\"stk-block-text__text\">En Olivam, nos enorgullecemos de nuestro compromiso con la calidad y la sostenibilidad. No solo nos esforzamos por producir el mejor aceite de oliva, sino que tambi\u00e9n trabajamos para minimizar nuestro impacto ambiental. Practicamos la agricultura ecol\u00f3gica y nos aseguramos de que todos nuestros procesos sean respetuosos con el medio ambiente.<\/p><\/div>\n<\/div><\/div><\/div>\n<\/details>\n\n\n\n<details class=\"wp-block-stackable-accordion stk-block-accordion stk-inner-blocks stk-block-content stk-block stk-40b8464 is-style-plain\" data-block-id=\"40b8464\"><style>.stk-40b8464{border-style:solid !important;border-color:#dfdad1 !important;border-top-width:0px !important;border-right-width:0px !important;border-bottom-width:1px !important;border-left-width:0px !important;padding-bottom:24px !important;margin-bottom:25px !important}<\/style>\n<summary class=\"wp-block-stackable-column stk-block-column stk-column stk-block stk-5cbbe27 stk--container-small stk-block-accordion__heading\" data-v=\"4\" data-block-id=\"5cbbe27\"><div class=\"stk-column-wrapper stk-block-column__content stk-container stk-5cbbe27-container stk--no-background stk--no-padding\"><div class=\"stk-block-content stk-inner-blocks stk-5cbbe27-inner-blocks\">\n<div class=\"wp-block-stackable-icon-label stk-block-icon-label stk-block stk-c49716a\" data-block-id=\"c49716a\"><div class=\"stk-row stk-inner-blocks stk-block-content\">\n<div class=\"wp-block-stackable-heading alignfull stk-block-heading stk-block-heading--v2 stk-block stk-61d3e23\" id=\"nuestra-mision\" data-block-id=\"61d3e23\"><h2 class=\"stk-block-heading__text has-text-align-left\">Nuestra Misi\u00f3n<\/h2><\/div>\n\n\n\n<div class=\"wp-block-stackable-icon stk-block-icon stk-block stk-f75752d\" data-block-id=\"f75752d\"><span class=\"stk--svg-wrapper\"><div class=\"stk--inner-svg\"><svg style=\"height:0;width:0\"><defs><linearGradient id=\"linear-gradient-f75752d\" x1=\"0\" x2=\"100%\" y1=\"0\" y2=\"0\"><stop offset=\"0%\" style=\"stop-opacity:1;stop-color:var(--linear-gradient-f-75752-d-color-1)\"><\/stop><stop offset=\"100%\" style=\"stop-opacity:1;stop-color:var(--linear-gradient-f-75752-d-color-2)\"><\/stop><\/linearGradient><\/defs><\/svg><svg data-prefix=\"fas\" data-icon=\"chevron-down\" class=\"svg-inline--fa fa-chevron-down fa-w-14\" xmlns=\"http:\/\/www.w3.org\/2000\/svg\" viewBox=\"0 0 448 512\" aria-hidden=\"true\" width=\"32\" height=\"32\"><path fill=\"currentColor\" d=\"M207.029 381.476L12.686 187.132c-9.373-9.373-9.373-24.569 0-33.941l22.667-22.667c9.357-9.357 24.522-9.375 33.901-.04L224 284.505l154.745-154.021c9.379-9.335 24.544-9.317 33.901.04l22.667 22.667c9.373 9.373 9.373 24.569 0 33.941L240.971 381.476c-9.373 9.372-24.569 9.372-33.942 0z\"><\/path><\/svg><\/div><\/span><\/div>\n<\/div><\/div>\n<\/div><\/div><\/summary>\n\n\n\n<div class=\"wp-block-stackable-column stk-block-column stk-column stk-block stk-54c3b0c stk-block-accordion__content\" data-v=\"4\" data-block-id=\"54c3b0c\"><style>.stk-54c3b0c-container{padding-top:0px !important;padding-right:0px !important;padding-bottom:0px !important;padding-left:0px !important}<\/style><div class=\"stk-column-wrapper stk-block-column__content stk-container stk-54c3b0c-container stk--no-background stk--no-padding\"><div class=\"stk-block-content stk-inner-blocks stk-54c3b0c-inner-blocks\">\n<div class=\"wp-block-stackable-text stk-block-text stk-block stk-8777d1c stk-block-background\" data-block-id=\"8777d1c\"><p class=\"stk-block-text__text\">Nuestra misi\u00f3n es llevar a tu mesa un aceite de oliva virgen extra que no solo enriquezca tus comidas, sino que tambi\u00e9n contribuya a un estilo de vida saludable. Creemos en la importancia de una alimentaci\u00f3n sana y en los beneficios del aceite de oliva para la salud y el bienestar.<\/p><\/div>\n<\/div><\/div><\/div>\n<\/details>\n\n\n\n<details class=\"wp-block-stackable-accordion stk-block-accordion stk-inner-blocks stk-block-content stk-block stk-115aa0b is-style-plain\" data-block-id=\"115aa0b\"><style>.stk-115aa0b{border-style:solid !important;border-color:#dfdad1 !important;border-top-width:0px !important;border-right-width:0px !important;border-bottom-width:1px !important;border-left-width:0px !important;padding-bottom:24px !important;margin-bottom:25px !important}<\/style>\n<summary class=\"wp-block-stackable-column stk-block-column stk-column stk-block stk-faa9270 stk--container-small stk-block-accordion__heading\" data-v=\"4\" data-block-id=\"faa9270\"><div class=\"stk-column-wrapper stk-block-column__content stk-container stk-faa9270-container stk--no-background stk--no-padding\"><div class=\"stk-block-content stk-inner-blocks stk-faa9270-inner-blocks\">\n<div class=\"wp-block-stackable-icon-label stk-block-icon-label stk-block stk-40778ca\" data-block-id=\"40778ca\"><div class=\"stk-row stk-inner-blocks stk-block-content\">\n<div class=\"wp-block-stackable-heading alignfull stk-block-heading stk-block-heading--v2 stk-block stk-61914cf\" id=\"contactanos\" data-block-id=\"61914cf\"><h2 class=\"stk-block-heading__text has-text-align-left\">Cont\u00e1ctanos<\/h2><\/div>\n\n\n\n<div class=\"wp-block-stackable-icon stk-block-icon stk-block stk-c479718\" data-block-id=\"c479718\"><span class=\"stk--svg-wrapper\"><div class=\"stk--inner-svg\"><svg style=\"height:0;width:0\"><defs><linearGradient id=\"linear-gradient-c479718\" x1=\"0\" x2=\"100%\" y1=\"0\" y2=\"0\"><stop offset=\"0%\" style=\"stop-opacity:1;stop-color:var(--linear-gradient-c-479718-color-1)\"><\/stop><stop offset=\"100%\" style=\"stop-opacity:1;stop-color:var(--linear-gradient-c-479718-color-2)\"><\/stop><\/linearGradient><\/defs><\/svg><svg data-prefix=\"fas\" data-icon=\"chevron-down\" class=\"svg-inline--fa fa-chevron-down fa-w-14\" xmlns=\"http:\/\/www.w3.org\/2000\/svg\" viewBox=\"0 0 448 512\" aria-hidden=\"true\" width=\"32\" height=\"32\"><path fill=\"currentColor\" d=\"M207.029 381.476L12.686 187.132c-9.373-9.373-9.373-24.569 0-33.941l22.667-22.667c9.357-9.357 24.522-9.375 33.901-.04L224 284.505l154.745-154.021c9.379-9.335 24.544-9.317 33.901.04l22.667 22.667c9.373 9.373 9.373 24.569 0 33.941L240.971 381.476c-9.373 9.372-24.569 9.372-33.942 0z\"><\/path><\/svg><\/div><\/span><\/div>\n<\/div><\/div>\n<\/div><\/div><\/summary>\n\n\n\n<div class=\"wp-block-stackable-column stk-block-column stk-column stk-block stk-ada0a58 stk-block-accordion__content\" data-v=\"4\" data-block-id=\"ada0a58\"><style>.stk-ada0a58-container{padding-top:0px !important;padding-right:0px !important;padding-bottom:0px !important;padding-left:0px !important}<\/style><div class=\"stk-column-wrapper stk-block-column__content stk-container stk-ada0a58-container stk--no-background stk--no-padding\"><div class=\"stk-block-content stk-inner-blocks stk-ada0a58-inner-blocks\">\n<div class=\"wp-block-stackable-text stk-block-text stk-block stk-89eaa5e stk-block-background\" data-block-id=\"89eaa5e\"><p class=\"stk-block-text__text\">Estamos aqu\u00ed para ayudarte a descubrir el maravilloso mundo del aceite de oliva virgen extra. Si tienes alguna pregunta, deseas m\u00e1s informaci\u00f3n sobre nuestros productos o simplemente quieres compartir tu experiencia con nosotros, no dudes en ponerte en contacto.<\/p><\/div>\n\n\n\n<div class=\"wp-block-stackable-heading stk-block-heading stk-block-heading--v2 stk-block stk-7123010\" id=\"olivam\" data-block-id=\"7123010\"><h4 class=\"stk-block-heading__text\">Olivam<\/h4><\/div>\n\n\n\n<div class=\"wp-block-stackable-text stk-block-text stk-block stk-b419e5c\" data-block-id=\"b419e5c\"><p class=\"stk-block-text__text\"><strong>Tel\u00e9fono:<\/strong> 957 431 655<br><strong>Correo Electr\u00f3nico:<\/strong> AceitesOlivam@gmail.com<br><strong>Direcci\u00f3n:<\/strong> Calle la Faena N\u00ba 33<\/p><\/div>\n\n\n\n<div class=\"wp-block-stackable-button-group stk-block-button-group stk-block stk-f427877\" data-block-id=\"f427877\"><div class=\"stk-row stk-inner-blocks stk-block-content stk-button-group\">\n<div class=\"wp-block-stackable-button stk-block-button stk-block stk-55905a3\" data-block-id=\"55905a3\"><a class=\"stk-link stk-button stk--hover-effect-darken\" href=\"https:\/\/demos.manuelpj.es\/tienda\/contacto\/\"><span class=\"stk-button__inner-text\">M\u00e1ndanos un correo!<\/span><\/a><\/div>\n<\/div><\/div>\n<\/div><\/div><\/div>\n<\/details>\n","protected":false},"excerpt":{"rendered":"<p>\u00bfQu\u00e9 es Olivam? Sobre Nosotros En Olivam, nuestra pasi\u00f3n es ofrecerte el mejor aceite de oliva virgen extra. Nos dedicamos a producir y vender aceite de oliva de alta calidad, asegur\u00e1ndonos de que cada gota conserve su pureza, sabor y beneficios para la salud. Nuestra Historia Nuestra aventura comenz\u00f3 en 1998 en la hermosa regi\u00f3n [&hellip;]<\/p>\n","protected":false},"author":1,"featured_media":0,"parent":0,"menu_order":0,"comment_status":"closed","ping_status":"closed","template":"","meta":{"footnotes":""},"class_list":["post-245","page","type-page","status-publish","hentry"],"blocksy_meta":[],"_links":{"self":[{"href":"https:\/\/demos.manuelpj.es\/tienda\/wp-json\/wp\/v2\/pages\/245","targetHints":{"allow":["GET"]}}],"collection":[{"href":"https:\/\/demos.manuelpj.es\/tienda\/wp-json\/wp\/v2\/pages"}],"about":[{"href":"https:\/\/demos.manuelpj.es\/tienda\/wp-json\/wp\/v2\/types\/page"}],"author":[{"embeddable":true,"href":"https:\/\/demos.manuelpj.es\/tienda\/wp-json\/wp\/v2\/users\/1"}],"replies":[{"embeddable":true,"href":"https:\/\/demos.manuelpj.es\/tienda\/wp-json\/wp\/v2\/comments?post=245"}],"version-history":[{"count":14,"href":"https:\/\/demos.manuelpj.es\/tienda\/wp-json\/wp\/v2\/pages\/245\/revisions"}],"predecessor-version":[{"id":293,"href":"https:\/\/demos.manuelpj.es\/tienda\/wp-json\/wp\/v2\/pages\/245\/revisions\/293"}],"wp:attachment":[{"href":"https:\/\/demos.manuelpj.es\/tienda\/wp-json\/wp\/v2\/media?parent=245"}],"curies":[{"name":"wp","href":"https:\/\/api.w.org\/{rel}","templated":true}]}}